alse
Is 62129 a multiple of 3?
False
Is 17259606 a multiple of 861?
True
Does 476 divide 17136?
True
Is 36 a factor of 8713473?
False
Is 35 a factor of 113056?
False
Is 20 a factor of 2400?
True
Is 3912 a multiple of 12?
True
Is 11 a factor of 2561298?
False
Does 136 divide 2049248?
True
Is 113238 a multiple of 17?
False
Does 49 divide 471919?
True
Is 466882 a multiple of 27?
False
Is 8171305 a multiple of 17?
True
Is 1037400 a multiple of 105?
True
Is 216346 a multiple of 27?
False
Is 659523 a multiple of 49?
False
Does 23 divide 102391?
False
Is 38 a factor of 883158?
True
Is 8 a factor of 189856?
True
Does 185 divide 102675?
True
Is 23 a factor of 170697?
False
Is 3739956 a multiple of 87?
True
Does 78 divide 4196634?
True
Is 1818 a factor of 18576603?
False
Is 201 a factor of 492952?
False
Does 17 divide 1621936?
True
Is 135944 a multiple of 109?
False
Is 46 a factor of 614744?
True
Is 63 a factor of 31146?
False
Is 89 a factor of 4452914?
False
Does 16 divide 82056?
False
Does 9 divide 1563509?
False
Is 105078 a multiple of 46?
False
Is 46 a factor of 382996?
True
Is 362556 a multiple of 18?
True
Does 311 divide 1988878?
False
Does 66 divide 38742?
True
Does 294 divide 3421879?
False
Is 12 a factor of 210564?
True
Is 608636 a multiple of 14?
True
Does 80 divide 52560?
True
Is 1700 a factor of 16103509?
False
Does 15 divide 179355?
True
Is 137640 a multiple of 444?
True
Is 204 a factor of 577592?
False
Is 37 a factor of 1077403?
True
Does 4 divide 60188?
True
Is 121 a factor of 3751?
True
Does 119 divide 171542?
False
Does 556 divide 1019606?
False
Does 5 divide 1787245?
True
Is 6694240 a multiple of 688?
True
Is 156 a factor of 194700?
False
Does 138 divide 585258?
True
Is 61 a factor of 2056798?
True
Is 650188 a multiple of 22?
True
Is 170964 a multiple of 9?
True
Is 278 a factor of 10365786?
True
Is 28029 a multiple of 8?
False
Does 81 divide 8703183?
False
Is 159400 a multiple of 50?
True
Is 381 a factor of 82677?
True
Is 170 a factor of 210970?
True
Does 13 divide 163394?
False
Is 18 a factor of 2607588?
True
Is 11 a factor of 2814759?
False
Does 6 divide 5526267?
False
Is 157344 a multiple of 16?
True
Is 1354860 a multiple of 52?
True
Is 20214 even?
True
Does 231 divide 226149?
True
Is 16 a factor of 544816?
True
Is 50738 a multiple of 112?
False
Is 2826348 a multiple of 42?
True
Is 114375 a multiple of 446?
False
Is 1272429 a multiple of 207?
True
Is 15 a factor of 187665?
True
Is 1162396 a multiple of 93?
False
Does 573 divide 754134?
False
Is 1522983 a multiple of 19?
True
Does 5 divide 44825?
True
Is 74 a factor of 127388?
False
Does 184 divide 154871?
False
Is 22372 a multiple of 25?
False
Is 1613824 a multiple of 512?
True
Is 4097 even?
False
Is 5295537 a multiple of 963?
True
Does 16 divide 1191056?
True
Does 34 divide 579203?
False
Does 15 divide 1469070?
True
Is 16 a factor of 215856?
True
Does 5 divide 78155?
True
Is 26028 a multiple of 18?
True
Does 9 divide 3463611?
False
Is 2273600 a multiple of 490?
True
Is 116 a factor of 2374879?
False
Is 513 a factor of 1531366?
False
Does 7 divide 70143?
False
Is 72 a factor of 10440?
True
Does 32 divide 5225376?
True
Is 183482 a multiple of 26?
True
Is 22 a factor of 29247130?
True
Does 17 divide 2331312?
True
Does 9 divide 1443987?
True
Is 306 a factor of 213866?
False
Does 22 divide 250228?
True
Does 117 divide 470184?
False
Does 77 divide 167296?
False
Is 95 a factor of 315115?
True
Is 19 a factor of 48322?
False
Does 734 divide 529516?
False
Is 3078805 a multiple of 78?
False
Does 188 divide 930600?
True
Is 1021904 a multiple of 289?
True
Is 140 a factor of 10173146?
False
Is 7 a factor of 481516?
True
Is 66 a factor of 2267046?
False
Is 986947 a multiple of 961?
True
Is 18 a factor of 32355?
False
Is 3 a factor of 273411?
True
Does 9 divide 454563?
True
Does 28 divide 1209546?
False
Is 442340 a multiple of 17?
True
Is 354 a factor of 4004815?
False
Does 20 divide 8431?
False
Is 4 a factor of 6542?
False
Is 49 a factor of 2768?
False
Is 28 a factor of 21125412?
True
Is 11 a factor of 1311178?
True
Does 11 divide 2439184?
True
Does 118 divide 727067?
False
Is 3405925 a multiple of 25?
True
Does 22 divide 1510513?
False
Does 274 divide 399766?
True
Is 366 a factor of 2094252?
True
Does 15 divide 225915?
True
Does 14 divide 43498?
True
Does 22 divide 1359182?
True
Is 33 a factor of 142692?
True
Is 88 a factor of 829312?
True
Is 272686 a multiple of 18?
False
Is 317 a factor of 674860?
False
Is 124390 a multiple of 35?
True
Is 523884 a multiple of 298?
True
Is 10 a factor of 11730?
True
Is 8861118 a multiple of 23?
True
Is 10549 a multiple of 42?
False
Does 10 divide 97570?
True
Does 643 divide 1340012?
True
Is 6004 a multiple of 38?
True
Does 225 divide 4835199?
False
Does 5 divide 80413?
False
Does 250 divide 10924571?
False
Does 235 divide 108491?
False
Is 65069 a multiple of 31?
True
Is 22 a factor of 646427?
False
Is 109 a factor of 1725993?
False
Is 2 a factor of 250326?
True
Does 4 divide 32644?
True
Does 15 divide 6839415?
True
Is 3 a factor of 7834?
False
Does 33 divide 642378?
True
Does 21 divide 3381210?
True
Does 184 divide 371648?
False
Is 133874 a multiple of 271?
True
Is 1106820 a multiple of 780?
True
Is 1898 a multiple of 11?
False
Is 83 a factor of 1832723?
True
Is 24 a factor of 13137907?
False
Is 274943 a multiple of 21?
False
Does 31 divide 496005?
False
Does 179 divide 570294?
True
Is 182209 a multiple of 2?
False
Does 7 divide 304172?
False
Is 16 a factor of 15346?
False
Is 4293387 a multiple of 161?
True
Is 10 a factor of 438829?
False
Is 128 a factor of 4056078?
False
Is 8 a factor of 12974?
False
Is 103797 a multiple of 2?
False
Is 85544 a multiple of 17?
True
Is 105154 a multiple of 101?
False
Is 56284 a multiple of 4?
True
Is 13 a factor of 93660?
False
Is 575207 a multiple of 23?
True
Is 276 a factor of 3652306?
False
Is 1436 a factor of 2080764?
True
Does 103 divide 149762?
True
Is 39 a factor of 13492634?
False
Is 144 a multiple of 9?
True
Is 16726 a multiple of 93?
False
Does 62 divide 792112?
True
Is 165851 a multiple of 250?
False
Is 4137014 a multiple of 17?
False
Does 4 divide 192565?
False
Does 100 divide 1507300?
True
Does 24 divide 334968?
True
Does 2057 divide 4457913?
False
Does 27 divide 55836?
True
Does 954 divide 1183914?
True
Is 22 a factor of 1912769?
False
Does 3 divide 27741?
True
Does 32 divide 142016?
True
Does 195 divide 491010?
True
Does 7 divide 2158?
False
Is 513775 a multiple of 147?
False
Is 80641 a multiple of 49?
False
Is 8 a factor of 209184?
True
Does 81 divide 44584?
False
Is 697910 a multiple of 5?
True
Is 2991650 a multiple of 333?
False
Is 108686 a multiple of 100?
False
Does 1521 divide 21983013?
True
Is 37 a factor of 111440?
False
Does 442 divide 6171695?
False
Is 91863 a multiple of 9?
True
Is 1471 a factor of 3762560?
False
Is 7238989 a multiple of 1103?
True
Does 470 divide 3551337?
False
Is 8 a factor of 2638794?
False
Does 2 divide 556408?
True
Is 278 a factor of 150630?
False
Is 294247 a multiple of 49?
False
Is 328129 a multiple of 63?
False
Is 9539651 a multiple of 649?
True
Is 14 a factor of 112280?
True
Is 18181356 a multiple of 168?
False
Is 69 a factor of 1741462?
False
Is 484 a factor of 1217260?
True
Is 9 a factor of 20951?
False
Is 25376 a multiple of 26?
True
Does 47 divide 85681?
True
Is 7925012 a multiple of 298?
True
Is 7380180 a multiple of 1185?
True
Does 66 divide 5170902?
True
Is 18069408 a multiple of 2016?
True
Is 676 a factor of 11931400?
True
Does 32 divide 86720?
True
Is 18462690 a multiple of 15?
True
Is 158305 a multiple of 116?
False
Is 13 a factor of 2746384?
False
Does 10 divide 9709480?
True
Is 69738 a multiple of 394?
True
Is 3134082 a multiple of 28?
False
Is 564 a factor of 3069852?
True
Is 1528726 a multiple of 181?
True
Is 86695 a multiple of 35?
True
Is 336330 a multiple of 33?
False
Is 907785 a multiple of 26?
False
Is 333244 a multiple of 18?
False
Is 15 a factor of 259289?
False
Is 8292 a multiple of 3?
True
Does 34 divide 6482474?
True
Is 135 a factor of 26760032?
False
Does 107 divide 34684?
False
Is 343273 a multiple of 19?
True
Is 81 a factor of 2268422?
False
Is 317 a factor of 1814376?
False
Is 1366094 a multiple of 48?
False
Is 5073115 a multiple of 59?
True
Is 